st the prime factors of a(p).
2, 3
What are the prime factors of (-6 + 1970)*(-4)/(-8)*1?
2, 491
Let q = -2 + 12. Let u be -3*5/((-45)/24). What are the prime factors of 418/q + u/40?
2, 3, 7
Let t = -32 + 24. Let q(m) = -m**3 - m**2 - m - 24. Let w be q(0). What are the prime factors of (-26)/t - 18/w?
2
Let q = 30 + 373. What are the prime factors of q?
13, 31
Let g(r) = -3*r + 15. Let c be g(7). What are the prime factors of (720/(-64))/(c/32)?
2, 3, 5
Suppose f - 25 = -5*r + 2*f, -r - 5*f = 21. Let l be 10/r + 3/6. Suppose -l*q = -0*q - 66. List the prime factors of q.
2, 11
Suppose c - 152 = 309. Suppose 2*b - 2*v - c + 33 = 0, -2*b = -5*v - 434. What are the prime factors of b?
2, 53
Let t = -1649 - -2673. List the prime factors of t.
2
Let u(o) = o**2 - 8*o - 6. Let d be u(9). Suppose 4*y + 3*r + 131 = 11, 0 = -d*y + 4*r - 65. Let x = 42 + y. List the prime factors of x.
3, 5
Let c be (-1 - 3) + 16 - 1. Let i(q) = -q**2 + 10*q + 15. What are the prime factors of i(c)?
2
Let s = 4545 - 3181. What are the prime factors of s?
2, 11, 31
Let k(p) = -60*p + 34*p + 5*p**2 + 28*p. What are the prime factors of k(-3)?
3, 13
Let r(d) be the first derivative of d**3/3 + 9*d**2/2 - 16*d + 10. List the prime factors of r(-12).
2, 5
Suppose 3*x - 72 = -3*j, 0 = 3*x - 4*j + 4 - 69. Let q be (0 - 8) + 620/10. Let a = q - x. What are the prime factors of a?
31
Let m be (2/4)/((-1)/84). What are the prime factors of (2 + m)/((-4)/6)?
2, 3, 5
Suppose -2*r = -m - 5*r + 134, 4*m - r = 523. Let d = m + 8. What are the prime factors of d?
139
Let d(b) be the second derivative of 11*b**3/6 + 5*b**2 + 21*b. List the prime factors of d(5).
5, 13
Let x(u) = u**3 - 12*u**2 + 10*u + 7. Let r be x(11). Let b = r - -7. What are the prime factors of -1 - -16 - (b + -4)?
2
Let k(t) = -t**3 + 9*t**2 - 10*t + 5. Let g be k(8). Let d = 34 + g. What are the prime factors of d?
23
List the prime factors of 5 + 29/((-348)/(-9720)).
5, 163
Let k(d) = d**2 + 6*d - 10. Suppose -2*q - 14 = -0*q. Let w be k(q). List the prime factors of (-2)/4*(w + -7).
5
Suppose -4*f = -10 + 2. Suppose -6*x - 36 = -f*x. List the prime factors of 19/3 - (-3)/x.
2, 3
Suppose -4*u - 2*b = -b - 16, 0 = -u + b + 4. Suppose 5*d - f = -3*f + 429, u*d - 342 = -f. What are the prime factors of d?
5, 17
Let a(b) = 3*b**2 - 3*b + 12. Let m be (-4 - -8) + (-1 - -2). What are the prime factors of a(m)?
2, 3
Suppose -g = -2*v - 2001, -4*g - 4*v + 983 = -6985. List the prime factors of g.
3, 5, 7, 19
Let f = -1786 - -2494. What are the prime factors of f?
2, 3, 59
Suppose 8*j = 10*j - 4. Suppose -3*w = w - 12. Suppose -w*k + 265 = j*k. What are the prime factors of k?
53
Suppose 5800 = 5*p - 3*j, 7*j = 2*p + 2*j - 2339. List the prime factors of p.
13, 89
Suppose 0 = r + 91 + 18. Let w = -59 - r. What are the prime factors of w?
2, 5
Let c be (2 - -2)*(-10)/(-5). Suppose c*x = 209 + 943. What are the prime factors of x?
2, 3
Let z(v) = 241*v - 599. List the prime factors of z(8).
3, 443
Let p(f) = 2*f + 2. Let l(r) = r - 5. Let y be l(8). Let j be p(y). List the prime factors of (-2 - -8)*j/2.
2, 3
Let l(o) = 4*o**2 - 49*o - 34. List the prime factors of l(-24).
2, 1723
Let p(u) = -u**2 + 3*u + 6. Let j be p(4). Suppose -4*m + 8 = 0, -o + j*o - 5*m - 17 = 0. What are the prime factors of (-3)/(o/12)*-9?
2, 3
Let o = -2024 + 2913. List the prime factors of o.
7, 127
Let h be 0 + 4/(-14) + 60/(-35). What are the prime factors of 1*-5 - 180/h?
5, 17
List the prime factors of 8 + -2 - (2 - (-2 + 1951)).
3, 7, 31
Suppose 27*k + 3296 = 31*k. What are the prime factors of k?
2, 103
Let p(d) = 77*d - 144. List the prime factors of p(7).
5, 79
Suppose 21*l - 70509 = -4044. What are the prime factors of l?
3, 5, 211
Suppose -23 = -3*o - 11. Suppose -2*k - 10 = -o*x - 0, 3*x - 2*k - 7 = 0. List the prime factors of x.
3
Suppose -11*w = -8*w - 246. Let n = w - 34. List the prime factors of n.
2, 3
Let d = 988 + -547. What are the prime factors of d?
3, 7
Let y(c) = 514*c + 71. What are the prime factors of y(2)?
7, 157
Suppose f - 5*f + 56 = 0. Let h = 9 - f. Let y = 16 - h. What are the prime factors of y?
3, 7
What are the prime factors of 1*-3*18*(-60)/120?
3
Suppose f - 2 = 2*f. Let x = f - -4. List the prime factors of 47/((2 - x) + 1).
47
Let q = -5334 + 8961. List the prime factors of q.
3, 13, 31
Let s be 2*131*1/(-2). Let n = s - -200. What are the prime factors of n?
3, 23
Let x be ((-2)/7)/((-8)/28). Let n be -13 - (-4)/2 - x. Let j = n - -15. What are the prime factors of j?
3
Let w = 134 - 20. Suppose w = 5*g - 151. Suppose -g = -4*m + 55. What are the prime factors of m?
3
Let b(k) = 96*k + 6. Let z be b(2). Let p = z - 122. What are the prime factors of p?
2, 19
Suppose 2*x + v = 564 + 1941, -2*x + 3*v = -2501. List the prime factors of x.
2, 313
Let d be (-6)/10 - -4*4/10. Let b = d + 17. List the prime factors of b.
2, 3
Suppose -3*s - 3 = 0, 5*v - 4*s - 2088 = 671. What are the prime factors of v?
19, 29
Let i be -2 + -2 + 1 - 12/(-1). What are the prime factors of (i + -12)/(3/(-31))?
31
Suppose 4*g - 2*l = l - 11, 5*g + l - 10 = 0. Let j(x) = g - 29*x**2 + 16 - x + 30*x**2. What are the prime factors of j(0)?
17
Let t = -69 + 289. What are the prime factors of t?
2, 5, 11
What are the prime factors of -1*1/4 + 36993/132?
2, 5, 7
Let l be 1/(30/28 + -1). Let w be -3 - (0 - 1)*l. Suppose -w = 5*y - 81. What are the prime factors of y?
2, 7
Let i be 2*4/((-8)/4). Let j(p) = -16*p - 3. List the prime factors of j(i).
61
Let c(b) = 38*b + 34. Let s be c(4). Suppose -4*l = s - 1182. What are the prime factors of l?
3, 83
Let j = -4837 + 7353. List the prime factors of j.
2, 17, 37
Suppose -9*s = -2799 - 4482. What are the prime factors of s?
809
Let a = -84 + 89. Suppose a*m - 251 = 5*k - 3*k, k = 2. What are the prime factors of m?
3, 17
List the prime factors of (17 - 7)/(-3 - (-741)/246).
2, 5, 41
Suppose -i + 4 = 2*d, -23 = -5*d - 2*i + 6*i. Suppose -6*b + 2*b - d*u = -281, 2*b - u = 153. List the prime factors of b.
2, 37
Suppose 7*x - 348 = 30. Suppose -21*m - x = -23*m. What are the prime factors of m?
3
Let x(l) = 3*l**3 - 3*l**2. Let j = -6 - -12. Suppose 5*w - j = 3*w. What are the prime factors of x(w)?
2, 3
Suppose 3*r + 3*g - 1824 = 0, 15 = 3*g - 0*g. Suppose -22 = -2*f + 2*u + 222, -2*u = 5*f - r. List the prime factors of f.
11
Suppose 3*c + 199 - 3094 = 0. What are the prime factors of c?
5, 193
Let m(a) = -41*a + 376. Let z be m(6). Let s(y) = -4*y + 1. Let j be s(-5). Suppose 16*l + z = j*l. List the prime factors of l.
2, 13
Let v be (424 + -7)*(-2)/(-6). Let c = v + -74. List the prime factors of c.
5, 13
Let w = 4645 + -3318. What are the prime factors of w?
1327
List the prime factors of (87916/31)/(2 - 1).
2, 709
Let l be (1/3)/(1/1479). Suppose -a - 5*y = 3*a - l, 4*a - 4*y = 484. List the prime factors of a.
2, 61
Suppose -7*d = -3*n - 3*d + 463, -4*d = 3*n - 503. List the prime factors of n.
7, 23
Suppose 0 = 5*o, -3*o + 876 = 3*x - 3189. What are the prime factors of x?
5, 271
Let t(w) = -2*w**2 - 17*w + 512. What are the prime factors of t(0)?
2
Let i(a) = a + 16. Let z be i(-14). Suppose 0*o - 203 = -z*o + d, d = -1. List the prime factors of o.
101
What are the prime factors of 1/(25/(-20)) + (-46578)/(-35)?
2, 5, 7, 19
Let s be (-120)/18*(-12)/5. Let g = 39 + s. What are the prime factors of g?
5, 11
Let v(m) = -97*m**3 + 2*m**2 + 3*m + 2. Let u be v(-1). Let d = u - -43. List the prime factors of d.
3, 47
Suppose -16*i + 22*i = 12. Suppose 2*d = d - 3*m + 186, i*m = d - 166. What are the prime factors of d?
2, 3, 29
Let s(h) = -220*h + 709. List the prime factors of s(-8).
3, 823
Let l = 438 - -97. What are the prime factors of l?
5, 107
Suppose -14*j + 5050 = 1004. What are the prime factors of j?
17
Suppose -570 = -9*v + 6054. What are the prime factors of v?
2, 23
Let o(s) = s**2 + 6*s + 5. Let t be o(-6). Let b = -2 + t. What are the prime factors of 6 - (1 + -5 + b)?
7
Let m = -316 - -396. List the prime factors of m.
2, 5
Let r be 130/(-25)*(-12 - -2). Suppose -3*g - x + 184 = -0*g, r = g + 5*x. What are the prime factors of g?
2, 31
Suppose -i + 40 = -171. Suppose 4*o + 2*b - i = 7*b, -o + 5*b = -64. What are the prime factors of o?
7
Let q = 47 + -42. Suppose -v -